he remainder when u is divided by f.
9
Let a(s) = 2*s. Let t be a(2). Suppose 98 = -2*m + 4*m. Calculate the remainder when m is divided by t/(-16)*(-68)/1.
15
Suppose 4*g - 2 = 14, 0 = s + 5*g - 61. What is the remainder when s is divided by 14?
13
Suppose 4*y - 3*y - 12 = 0. Let s(f) = f - 1. Let r be s(-7). Let q = 15 - r. Calculate the remainder when q is divided by y.
11
Let j(m) = 8*m**2 - 6*m + 6. Let g be j(4). Let t be 6/(-5)*(-20)/8. Suppose 5*b - 2*x = g, -b = -x - 16 - t. What is the remainder when b is divided by 13?
11
Let b(x) = -x**3 - 4*x**2 - 2*x - 2. Suppose t = -4*m + m + 14, -4*t - 2*m + 76 = 0. Let o = 42 - t. What is the remainder when o is divided by b(-4)?
4
Calculate the remainder when 1 - 5 - (-68)/2 is divided by 16.
14
Let a be ((-8)/6)/((-2)/21). Suppose 0 = 2*j - 3*j - 4*w + a, -175 = -5*j + w. Suppose 0 = 3*d - 88 + j. What is the remainder when d is divided by 10?
8
Suppose 0*s = -3*l + s + 72, -s - 24 = -l. Let a be l/2 - (-1 + 0). Let q = 1 + a. What is the remainder when q is divided by 8?
6
Suppose -4*k - 5*q + 392 = 0, -2*q + 87 = k + 2*q. Suppose -12*d + 52 = -10*d. Calculate the remainder when k is divided by d.
25
Suppose -5*d + 0*d - 40 = 0. Let y = -1 + 3. Calculate the remainder when y is divided by 3/12 + (-6)/d.
0
Let u be (-4)/(-12) + 353/3. Let h = u + -78. What is the remainder when h is divided by 14?
12
Suppose y = -2*a, 4*y = 3*a - 6*a + 25. Suppose 0 = -0*l - 5*l + 3*n + 27, -2*l + 2*n + 14 = 0. Calculate the remainder when y is divided by l.
1
Suppose 0 = c + 4*c + 15. Let h(l) = -l**3 + 4*l**2 + 3*l - 3. Calculate the remainder when h(c) is divided by 18.
15
Let x = 1 + 2. Suppose -t - 4*l = -3, 4*t - l - 12 = 4*l. What is the remainder when t is divided by x?
0
Let f be (-5)/(-2)*(-54)/(-45). Calculate the remainder when (-1)/f*(-55 - 2) is divided by 11.
8
Let d = 76 - 57. Calculate the remainder when 53 is divided by d.
15
Suppose 5*s + v = 3*v + 238, 3*s = -v + 145. Calculate the remainder when s is divided by 25.
23
Let x = -15 + 14. Calculate the remainder when 1*(x + 81 - -3) is divided by 21.
20
Let w(g) = -g + 4. Calculate the remainder when w(-9) is divided by 5.
3
Let x = -5 + 6. Let c be x + 9 + 2/(-2). Calculate the remainder when (c/(-4))/((-9)/24) is divided by 4.
2
Suppose 144 = 2*s + 118. What is the remainder when 37 is divided by s?
11
Let g(d) = -4*d - 14. Calculate the remainder when 69 is divided by g(-6).
9
Let n = -32 - -54. What is the remainder when 43 is divided by n?
21
Suppose -3*q + 8 + 31 = 0. Calculate the remainder when 24 is divided by q.
11
Let l = 8 + -4. Suppose 4*h + 46 = 2*h - l*p, -3*h + p - 76 = 0. Let i = h - -48. What is the remainder when i is divided by 8?
7
Calculate the remainder when (2/3)/((-14)/(-294)) is divided by 3.
2
Let i = 73 + -59. Calculate the remainder when i is divided by 5.
4
Let v be (-13)/(-5) + (-8)/(-20). Suppose -15 = -v*i, -i = -2*f - 2*i + 5. Let m = 5 + f. What is the remainder when 8 is divided by m?
3
Suppose -7 = -5*n + 43. Calculate the remainder when n is divided by 3.
1
Let t = -19 - -20. What is the remainder when 1/((1/3)/1) is divided by t?
0
Let v(i) = 3*i**2 - i + 1. Let x = -48 - -51. What is the remainder when v(2) is divided by x?
2
Suppose 2*x = -3*x + 10. Suppose 2*d + x = -2. Let p(l) = -4*l + 2. Calculate the remainder when p(d) is divided by 4.
2
Suppose 4*m - 8 = 20. Suppose 0 = 4*i + 43 - 227. Suppose 4*c = i + 62. What is the remainder when c is divided by m?
6
Let r(l) = l - 4. Let g be r(5). Suppose -3*w + 3*o + 21 = 0, -5*w + 4*w - 2*o + g = 0. Calculate the remainder when w is divided by 3/(7/2 - 2).
1
Suppose -4*q + 3*q = 6. Let j(o) = o**3 + 7*o**2 + 3*o - 3. Suppose 0 = 2*g + 10, 47 = -5*l + g + 262. Calculate the remainder when l is divided by j(q).
12
What is the remainder when 21 is divided by (4 - 2) + 1 + 5?
5
Suppose 0 = 2*n + p - 6, 5*n - 16 = -0*p - 3*p. Suppose q + 2*m - 35 = 0, -133 = -4*q - n*m + m. Calculate the remainder when q is divided by 12.
9
Let l(h) = -h**2 - 19*h - 13. Suppose -i = -4*v - 34, -52 = -3*i - i - 5*v. Calculate the remainder when l(-12) is divided by i.
17
Let v = -3 - -6. Let x(o) = -17*o - 1. Calculate the remainder when x(-1) is divided by (-18)/(-12)*(1 + v).
4
Suppose 0*b + 20 = -b. Let y = -13 - b. Calculate the remainder when 34 is divided by y.
6
Suppose -35*c = -31*c - 92. What is the remainder when 76 is divided by c?
7
Calculate the remainder when 229 is divided by (4 - 9) + 2 + 58 + 3.
55
Suppose -3*y + 12 = 5*h - 0*y, 0 = 3*h - 3*y + 12. Suppose -1 = -j - 3*m, 3*m = 3*j - h*m - 3. What is the remainder when 1 is divided by j?
0
Suppose -b = -2*b + 11. Let v(y) = -y - 1. Let k be v(-2). What is the remainder when b is divided by k/(-6)*-2*12?
3
Let z(y) = -2*y - 9. What is the remainder when 25 is divided by z(-8)?
4
Let n = 13 + -20. Let q = 99 + n. Let d = 148 - q. Calculate the remainder when d is divided by 19.
18
Suppose -5*m + 52 = 3*p + 147, 0 = p. Let c(l) = -34*l**3 - 2*l - 1. Calculate the remainder when c(-1) is divided by (0 - m) + 1 + -2.
17
Let r = 13 - 8. Let f be r + 2*(-1)/2. Suppose -3*b + 16 = 4*t, -f*b + b = 2*t - 2. Calculate the remainder when 20 is divided by t.
6
Suppose 5*c - 3*d - 49 = -d, -6 = 3*d. Calculate the remainder when c is divided by 6.
3
Suppose -w - 4*w + 87 = 4*l, -4*w = -3*l - 51. What is the remainder when 57 is divided by w?
12
Suppose 3*p + 5*h = 5*p - 64, 2*p = 4*h + 60. What is the remainder when p is divided by (-25)/(-2) + (-1)/(-2)?
9
What is the remainder when 159 is divided by (1040/12)/4 + (-15)/9?
19
Let s(v) = 10*v + 3. Let d be s(-5). Let l = d - -82. Suppose 0 = -z + 2, 2*o - 33 - l = -3*z. Calculate the remainder when o is divided by 17.
14
Suppose 0 = 4*r - 216 + 24. Suppose 0 = 5*t - 2*t - r. Suppose -y + t = y. Calculate the remainder when 23 is divided by y.
7
Let t be (440/(-30))/(2/(-18)). Suppose -5*p + 25 - 247 = -3*a, -t = -2*a - 2*p. Calculate the remainder when a is divided by 18.
15
Suppose -27 - 7 = -c + 3*l, 0 = 5*c + 4*l - 170. Calculate the remainder when c is divided by 9.
7
Suppose -2*p = 4*w - 31 - 3, 9 = 3*p. Let c = w + -10. Let r(j) = -2*j - 2. Calculate the remainder when r(c) is divided by 3.
1
Let i(f) = -f**3 + 3*f**2 + 2*f - 1. Let s be i(3). Suppose -4*m = 3*o - s*m - 16, -3*o - 4 = 4*m. What is the remainder when o is divided by 1?
0
Suppose 1 = -3*v + 13. Suppose v*t - t = -54. Let g = t + 43. Calculate the remainder when g is divided by 9.
7
Let o(h) = 31*h**2 - 2*h + 1. Let p be o(1). Suppose 2*b + p = 4*b. What is the remainder when 42 is divided by b?
12
Suppose n + 2*n = f + 12, -2*n - 6 = 4*f. Suppose 2 = -n*g + 47. Calculate the remainder when ((-95)/g)/((-2)/6) is divided by 7.
5
Let i = -2 + -4. What is the remainder when (-2 - -1)*-19 - 0 is divided by i/21 + 51/7?
5
Suppose 0 = 3*z - 5*y - 12, 0 = 4*z - 5*y - 21 + 5. Suppose f + 1 - z = 0. Suppose 0 = f*m + 33 - 120. Calculate the remainder when m is divided by 10.
9
Suppose -1 = -4*d + 3*d, -5*d - 255 = -5*r. What is the remainder when r is divided by 11?
8
Calculate the remainder when ((-2)/(-1))/((-2)/(-18)) is divided by 5.
3
Suppose -w - 2*a = -24, -a = 4*a - 5. Calculate the remainder when 86 is divided by w.
20
Let l(v) = -2*v + 1. Suppose -2*z + 1 = 11. Calculate the remainder when 30 is divided by l(z).
8
Suppose 85 = -3*x + 541. Let j = -108 + x. What is the remainder when j is divided by 15?
14
Let p = 13 - 7. What is the remainder when 28 is divided by p?
4
Let x = -14 + 22. Let m(t) = t**3 + 6*t**2 - 3. Calculate the remainder when m(-5) is divided by x.
6
Let s = 13 - 1. Calculate the remainder when 20 is divided by -2*(-2)/(s/21).
6
Let j be 5/(-10)*(1 - 5). What is the remainder when 4 is divided by j*3*(-2)/(-6)?
0
Let z be 12/9*(3 - 0). What is the remainder when 2 + 0 - -43*1 is divided by (-4 - 4)/(z/(-6))?
9
Suppose 0 = 3*g + 31 - 82. What is the remainder when 53 is divided by g?
2
Suppose 3*d - 55 = -184. Let x = 83 + d. Calculate the remainder when x is divided by 14.
12
Let l(c) = 5*c**2 - c - 1. Calculate the remainder when l(3) is divided by 9.
5
Let w(p) = -4*p**2 + 37*p + 8. Calculate the remainder when 152 is divided by w(9).
16
Suppose -2*g - r + 50 = 0, 3*g - 4*r - 